{"id":2,"date":"2020-03-09T12:55:45","date_gmt":"2020-03-09T12:55:45","guid":{"rendered":"https:\/\/www.doctaforum-events.org\/2026\/hematologia48h2026\/?page_id=2"},"modified":"2025-10-30T10:31:57","modified_gmt":"2025-10-30T10:31:57","slug":"presentacion","status":"publish","type":"page","link":"https:\/\/www.doctaforum-events.org\/2026\/hematologia48h2026\/presentacion\/","title":{"rendered":"Presentaci\u00f3n"},"content":{"rendered":"<p><!--\n\n<span style=\"display: inline-block; width: 0px; overflow: hidden; line-height: 0;\" data-mce-type=\"bookmark\" class=\"mce_SELRES_start\"><\/span><span style=\"display: inline-block; width: 0px; overflow: hidden; line-height: 0;\" data-mce-type=\"bookmark\" class=\"mce_SELRES_start\"><\/span>&nbsp;\n\n&nbsp;\n\n&nbsp;\n\n&nbsp;\n\n&nbsp;\n\n\n<p style=\"text-align: center;\"><span style=\"font-size: 20pt; color: #5A7E88;\">Pr\u00f3ximamente<\/span><\/p>\n\n\n&nbsp;\n\n&nbsp;\n\n&nbsp;\n\n&nbsp;\n\n&nbsp;\n\n&nbsp;\n\n&nbsp;\n\n--><\/p>\n<p>Estas jornadas, dirigidas a los facultativos j\u00f3venes, tanto aquellos que han terminado recientemente la especialidad, como los residentes de los \u00faltimos cursos, tienen como principal objetivo repasar los temas m\u00e1s importantes de la Hematolog\u00eda y Hemoterapia con una orientaci\u00f3n lo m\u00e1s cl\u00ednica posible, en un clima de convivencia entre profesores y alumnos tambi\u00e9n fuera de las sesiones cient\u00edficas.<\/p>\n<p>Hemos distribuido las jornadas en sesiones de actualizaci\u00f3n terap\u00e9utica en las patolog\u00edas m\u00e1s importantes del sistema hematopoy\u00e9tico. Los temas se analizar\u00e1n mediante conferencias y sesiones interactivas de casos y situaciones cl\u00ednicas, fomentando la participaci\u00f3n de los asistentes y dejando tiempo para preguntas y discusiones.<\/p>\n<p>&nbsp;<\/p>\n<p>En definitiva, este curso pretende dar una visi\u00f3n unificadora del diagn\u00f3stico hematol\u00f3gico y tratamiento de las hemopat\u00edas, imprescindibles para el seguimiento cl\u00ednico y terapia personalizada de las diferentes enfermedades de la sangre, con el \u00fanico objetivo de ofrecer una atenci\u00f3n integral del paciente hematol\u00f3gico.<\/p>\n<p>&nbsp;<\/p>\n<p>Esperamos que estas jornadas se conviertan en un foro de aprendizaje y de debate enriquecedor para todos los asistentes.<\/p>\n","protected":false},"excerpt":{"rendered":"<p>Estas jornadas, dirigidas a los facultativos j\u00f3venes, tanto aquellos que han terminado recientemente la especialidad, como los residentes de los \u00faltimos cursos, tienen como principal objetivo repasar los temas m\u00e1s importantes de la Hematolog\u00eda y Hemoterapia con una orientaci\u00f3n lo m\u00e1s cl\u00ednica posible, en un clima de convivencia entre profesores y alumnos tambi\u00e9n fuera de [&hellip;]<\/p>\n","protected":false},"author":1,"featured_media":0,"parent":0,"menu_order":0,"comment_status":"closed","ping_status":"open","template":"","meta":{"footnotes":""},"class_list":["post-2","page","type-page","status-publish","hentry"],"_links":{"self":[{"href":"https:\/\/www.doctaforum-events.org\/2026\/hematologia48h2026\/wp-json\/wp\/v2\/pages\/2","targetHints":{"allow":["GET"]}}],"collection":[{"href":"https:\/\/www.doctaforum-events.org\/2026\/hematologia48h2026\/wp-json\/wp\/v2\/pages"}],"about":[{"href":"https:\/\/www.doctaforum-events.org\/2026\/hematologia48h2026\/wp-json\/wp\/v2\/types\/page"}],"author":[{"embeddable":true,"href":"https:\/\/www.doctaforum-events.org\/2026\/hematologia48h2026\/wp-json\/wp\/v2\/users\/1"}],"replies":[{"embeddable":true,"href":"https:\/\/www.doctaforum-events.org\/2026\/hematologia48h2026\/wp-json\/wp\/v2\/comments?post=2"}],"version-history":[{"count":43,"href":"https:\/\/www.doctaforum-events.org\/2026\/hematologia48h2026\/wp-json\/wp\/v2\/pages\/2\/revisions"}],"predecessor-version":[{"id":1408,"href":"https:\/\/www.doctaforum-events.org\/2026\/hematologia48h2026\/wp-json\/wp\/v2\/pages\/2\/revisions\/1408"}],"wp:attachment":[{"href":"https:\/\/www.doctaforum-events.org\/2026\/hematologia48h2026\/wp-json\/wp\/v2\/media?parent=2"}],"curies":[{"name":"wp","href":"https:\/\/api.w.org\/{rel}","templated":true}]}}

Presentación

<p><!--

<span style="display: inline-block; width: 0px; overflow: hidden; line-height: 0;" data-mce-type="bookmark" class="mce_SELRES_start"></span><span style="display: inline-block; width: 0px; overflow: hidden; line-height: 0;" data-mce-type="bookmark" class="mce_SELRES_start"></span>&nbsp;

&nbsp;

&nbsp;

&nbsp;

&nbsp;


<p style="text-align: center;"><span style="font-size: 20pt; color: #5A7E88;">Próximamente</span></p>


&nbsp;

&nbsp;

&nbsp;

&nbsp;

&nbsp;

&nbsp;

&nbsp;

--></p>
<p>Estas jornadas, dirigidas a los facultativos jóvenes, tanto aquellos que han terminado recientemente la especialidad, como los residentes de los últimos cursos, tienen como principal objetivo repasar los temas más importantes de la Hematología y Hemoterapia con una orientación lo más clínica posible, en un clima de convivencia entre profesores y alumnos también fuera de las sesiones científicas.</p>
<p>Hemos distribuido las jornadas en sesiones de actualización terapéutica en las patologías más importantes del sistema hematopoyético. Los temas se analizarán mediante conferencias y sesiones interactivas de casos y situaciones clínicas, fomentando la participación de los asistentes y dejando tiempo para preguntas y discusiones.</p>
<p>&nbsp;</p>
<p>En definitiva, este curso pretende dar una visión unificadora del diagnóstico hematológico y tratamiento de las hemopatías, imprescindibles para el seguimiento clínico y terapia personalizada de las diferentes enfermedades de la sangre, con el único objetivo de ofrecer una atención integral del paciente hematológico.</p>
<p>&nbsp;</p>
<p>Esperamos que estas jornadas se conviertan en un foro de aprendizaje y de debate enriquecedor para todos los asistentes.</p>

<p>Estas jornadas, dirigidas a los facultativos jóvenes, tanto aquellos que han terminado recientemente la especialidad, como los residentes de los últimos cursos, tienen como principal objetivo repasar los temas más importantes de la Hematología y Hemoterapia con una orientación lo más clínica posible, en un clima de convivencia entre profesores y alumnos también fuera de [&hellip;]</p>
