{"id":264,"date":"2020-02-09T14:27:05","date_gmt":"2020-02-09T14:27:05","guid":{"rendered":"http:\/\/demo.themetim.com\/bring-back\/?page_id=264"},"modified":"2026-02-16T15:12:37","modified_gmt":"2026-02-16T15:12:37","slug":"informacion-general","status":"publish","type":"page","link":"https:\/\/www.doctaforum-events.org\/2026\/foroovario2026\/informacion-general\/","title":{"rendered":"Informaci\u00f3n General"},"content":{"rendered":"<div class=\"col-lg-12\">\n<p><span style=\"text-decoration: underline;\"><span class=\"clase1\">Organizado por:<\/span><\/span><br \/>\n<img decoding=\"async\" src=\"https:\/\/www.doctaforum-events.org\/2026\/foroovario2026\/wp-content\/themes\/bring-back\/images\/logo-cliente.webp\" alt=\"logo GECP\" width=\"250px\" \/><br \/>\n<span class=\"clase3\">\u00a0<\/span><\/p>\n<\/div>\n<div class=\"col-lg-12\">\n<p><span style=\"text-decoration: underline;\"><span class=\"clase1\">Coordinadora cient\u00edfica:<\/span><\/span><\/p>\n<p>&#8211;\u00a0Dra. M\u00aa Jes\u00fas Rubio, Hospital Univ. Reina Sof\u00eda, C\u00f3rdoba<\/p>\n<p><span class=\"clase3\">\u00a0<\/span><\/p>\n<\/div>\n<div class=\"col-lg-12\">\n<p><span style=\"text-decoration: underline;\"><span class=\"clase1\">Con el aval cient\u00edfico de:<\/span><\/span><br \/>\n<img loading=\"lazy\" decoding=\"async\" class=\"\" src=\"https:\/\/www.doctaforum-events.org\/2026\/foroovario2026\/wp-content\/uploads\/2026\/02\/logo-cliente-6.png\" alt=\"logo GECP\" width=\"197\" height=\"94\" \/><\/p>\n<\/div>\n<div class=\"col-lg-12\">\n<p><span style=\"text-decoration: underline;\"> <span class=\"clase1\">Sede Presencial:<\/span> <\/span><\/p>\n<p><span class=\"clase3\">Real C\u00edrculo de la Amistad de C\u00f3rdoba<br \/>\n<\/span><span class=\"clase3\">Sal\u00f3n Liceo<\/span><br \/>\n<span class=\"clase3\">C. Alfonso XIII, 14, 14001 C\u00f3rdoba<\/span><\/p>\n<\/div>\n<div class=\"col-lg-12 col-md-12 col-sm-12\">\n<p><iframe class=\"mapa-sede\" style=\"border: 0;\" src=\"https:\/\/www.google.com\/maps\/embed?pb=!1m18!1m12!1m3!1d3148.9208098498116!2d-4.780188323614277!3d37.88553460577128!2m3!1f0!2f0!3f0!3m2!1i1024!2i768!4f13.1!3m3!1m2!1s0xd6cdf7ceddeaa15%3A0xca510c4aa695d2af!2sReal%20C%C3%ADrculo%20de%20la%20Amistad%20de%20C%C3%B3rdoba!5e0!3m2!1ses-419!2ses!4v1767357238528!5m2!1ses-419!2ses\" allowfullscreen=\"allowfullscreen\" aria-label=\"Sede\"><\/iframe><\/p>\n<\/div>\n","protected":false},"excerpt":{"rendered":"<p>Organizado por: \u00a0 Coordinadora cient\u00edfica: &#8211;\u00a0Dra. M\u00aa Jes\u00fas Rubio, Hospital Univ. Reina Sof\u00eda, C\u00f3rdoba \u00a0 Con el aval cient\u00edfico de: Sede Presencial: Real C\u00edrculo de la Amistad de C\u00f3rdoba Sal\u00f3n Liceo C. Alfonso XIII, 14, 14001 C\u00f3rdoba<\/p>\n","protected":false},"author":1,"featured_media":0,"parent":0,"menu_order":0,"comment_status":"closed","ping_status":"closed","template":"","meta":{"footnotes":""},"class_list":["post-264","page","type-page","status-publish","hentry"],"_links":{"self":[{"href":"https:\/\/www.doctaforum-events.org\/2026\/foroovario2026\/wp-json\/wp\/v2\/pages\/264","targetHints":{"allow":["GET"]}}],"collection":[{"href":"https:\/\/www.doctaforum-events.org\/2026\/foroovario2026\/wp-json\/wp\/v2\/pages"}],"about":[{"href":"https:\/\/www.doctaforum-events.org\/2026\/foroovario2026\/wp-json\/wp\/v2\/types\/page"}],"author":[{"embeddable":true,"href":"https:\/\/www.doctaforum-events.org\/2026\/foroovario2026\/wp-json\/wp\/v2\/users\/1"}],"replies":[{"embeddable":true,"href":"https:\/\/www.doctaforum-events.org\/2026\/foroovario2026\/wp-json\/wp\/v2\/comments?post=264"}],"version-history":[{"count":122,"href":"https:\/\/www.doctaforum-events.org\/2026\/foroovario2026\/wp-json\/wp\/v2\/pages\/264\/revisions"}],"predecessor-version":[{"id":297,"href":"https:\/\/www.doctaforum-events.org\/2026\/foroovario2026\/wp-json\/wp\/v2\/pages\/264\/revisions\/297"}],"wp:attachment":[{"href":"https:\/\/www.doctaforum-events.org\/2026\/foroovario2026\/wp-json\/wp\/v2\/media?parent=264"}],"curies":[{"name":"wp","href":"https:\/\/api.w.org\/{rel}","templated":true}]}}