{"id":2,"date":"2020-03-09T12:55:45","date_gmt":"2020-03-09T12:55:45","guid":{"rendered":"https:\/\/www.doctaforum-events.org\/2026\/cursocp2026\/?page_id=2"},"modified":"2026-03-12T16:00:29","modified_gmt":"2026-03-12T16:00:29","slug":"presentacion","status":"publish","type":"page","link":"https:\/\/www.doctaforum-events.org\/2026\/cursocp2026\/presentacion\/","title":{"rendered":"Presentaci\u00f3n"},"content":{"rendered":"<p style=\"text-align: justify;\">Te damos la bienvenida a la\u00a0<strong>14\u00aa edici\u00f3n del Curso de Competencias en C\u00e1ncer de Pulm\u00f3n,\u00a0<\/strong>organizado por la Fundaci\u00f3n GECP.<\/p>\n<p style=\"text-align: justify;\">Este curso est\u00e1 dirigido a m\u00e9dicos adjuntos con menos de 5 a\u00f1os de antig\u00fcedad, as\u00ed como a m\u00e9dicos residentes de 3\u00ba y 4\u00ba a\u00f1o.<\/p>\n<p style=\"text-align: justify;\">El objetivo principal de este encuentro es la inmersi\u00f3n intensiva de los profesionales sanitarios en el c\u00e1ncer de pulm\u00f3n mediante un programa de dos d\u00edas en el que se abordar\u00e1n todos los aspectos y temas relacionados con esta enfermedad.<\/p>\n<p>Esperamos que el programa cient\u00edfico sea de tu inter\u00e9s.<\/p>\n<p>Saludos cordiales,<br \/>\n<em style=\"font-family: 'Aptos', sans-serif !important;\">Comit\u00e9 Organizador.<\/em><\/p>\n","protected":false},"excerpt":{"rendered":"<p>Te damos la bienvenida a la\u00a014\u00aa edici\u00f3n del Curso de Competencias en C\u00e1ncer de Pulm\u00f3n,\u00a0organizado por la Fundaci\u00f3n GECP. Este curso est\u00e1 dirigido a m\u00e9dicos adjuntos con menos de 5 a\u00f1os de antig\u00fcedad, as\u00ed como a m\u00e9dicos residentes de 3\u00ba y 4\u00ba a\u00f1o. El objetivo principal de este encuentro es la inmersi\u00f3n intensiva de los [&hellip;]<\/p>\n","protected":false},"author":1,"featured_media":0,"parent":0,"menu_order":0,"comment_status":"closed","ping_status":"open","template":"","meta":{"footnotes":""},"class_list":["post-2","page","type-page","status-publish","hentry"],"_links":{"self":[{"href":"https:\/\/www.doctaforum-events.org\/2026\/cursocp2026\/wp-json\/wp\/v2\/pages\/2","targetHints":{"allow":["GET"]}}],"collection":[{"href":"https:\/\/www.doctaforum-events.org\/2026\/cursocp2026\/wp-json\/wp\/v2\/pages"}],"about":[{"href":"https:\/\/www.doctaforum-events.org\/2026\/cursocp2026\/wp-json\/wp\/v2\/types\/page"}],"author":[{"embeddable":true,"href":"https:\/\/www.doctaforum-events.org\/2026\/cursocp2026\/wp-json\/wp\/v2\/users\/1"}],"replies":[{"embeddable":true,"href":"https:\/\/www.doctaforum-events.org\/2026\/cursocp2026\/wp-json\/wp\/v2\/comments?post=2"}],"version-history":[{"count":48,"href":"https:\/\/www.doctaforum-events.org\/2026\/cursocp2026\/wp-json\/wp\/v2\/pages\/2\/revisions"}],"predecessor-version":[{"id":1423,"href":"https:\/\/www.doctaforum-events.org\/2026\/cursocp2026\/wp-json\/wp\/v2\/pages\/2\/revisions\/1423"}],"wp:attachment":[{"href":"https:\/\/www.doctaforum-events.org\/2026\/cursocp2026\/wp-json\/wp\/v2\/media?parent=2"}],"curies":[{"name":"wp","href":"https:\/\/api.w.org\/{rel}","templated":true}]}}