{"id":264,"date":"2020-02-09T14:27:05","date_gmt":"2020-02-09T14:27:05","guid":{"rendered":"http:\/\/demo.themetim.com\/bring-back\/?page_id=264"},"modified":"2025-12-05T08:38:10","modified_gmt":"2025-12-05T08:38:10","slug":"informacion-general","status":"publish","type":"page","link":"https:\/\/www.doctaforum-events.org\/2026\/curso-aorta-integral2026\/informacion-general\/","title":{"rendered":"Informaci\u00f3n General"},"content":{"rendered":"<div class=\"col-lg-12\">\n<p><span style=\"text-decoration: underline;\"><span class=\"clase1\">CURSO H\u00cdBRIDO ONLINE-PRESENCIAL:<\/span><\/span><\/p>\n<ul>\n<li>Contenido online de acceso libre: 21 de enero al 28 de febrero del 2026<\/li>\n<li>Contenido presencial: 28-30 de enero de 2026<\/li>\n<\/ul>\n<\/div>\n<p>&nbsp;<\/p>\n<div class=\"col-lg-12\">\n<p><span style=\"text-decoration: underline;\"><span class=\"clase1\">ORGANIZA:<\/span><\/span><\/p>\n<ul>\n<li class=\"clase2\">Servicio de Cirug\u00eda Cardiovascular, Hospital Universitari i Polit\u00e8cnic de La Fe (Valencia)<\/li>\n<li class=\"clase2\">\u00c1rea de Simulaci\u00f3n Cl\u00ednica, Hospital Universitari i Polit\u00e8cnic de La Fe (Valencia)<\/li>\n<li class=\"clase2\">Departamento de Anatom\u00eda y Embriolog\u00eda Humana, Universitat de Val\u00e8ncia<\/li>\n<li class=\"clase2\">Unidad Perfusi\u00f3n, Hospital Universitari i Polit\u00e8cnic de La Fe (Valencia)<\/li>\n<li class=\"clase2\">Servicio de Anestesiolog\u00eda y Reanimaci\u00f3n, Hospital Universitari i Polit\u00e8cnic de La Fe (Valencia)<\/li>\n<\/ul>\n<p><span style=\"text-decoration: underline;\"><span class=\"clase1\">COORGANIZADORES:<\/span><\/span><\/p>\n<ul>\n<li class=\"clase2\">Grupos de Trabajo Sociedad Espa\u00f1ola de Cirug\u00eda Cardiovascular y Endovascular (SECCE):\n<ul>\n<li class=\"clase2\">Secci\u00f3n Cient\u00edfica Transcat\u00e9ter<\/li>\n<li class=\"clase2\">Grupo de trabajo de Cirug\u00eda Vascular y Endovascular<\/li>\n<\/ul>\n<\/li>\n<li class=\"clase2\">Sociedad Espa\u00f1ola de Cirug\u00eda Transcat\u00e9ter y Endovascular (CITENDO)<\/li>\n<\/ul>\n<p><img decoding=\"async\" src=\"https:\/\/www.doctaforum-events.org\/2026\/curso-aorta-integral2026\/wp-content\/themes\/bring-back\/images\/logo-cliente.webp\" alt=\"logo GECP\" width=\"120px\" \/><img loading=\"lazy\" decoding=\"async\" class=\"alignnone wp-image-1435\" src=\"https:\/\/www.doctaforum-events.org\/2026\/curso-aorta-integral2026\/wp-content\/uploads\/2025\/11\/CINTENDO.png\" alt=\"\" width=\"183\" height=\"183\" \/><img loading=\"lazy\" decoding=\"async\" class=\"alignnone wp-image-1435\" src=\"https:\/\/www.doctaforum-events.org\/2026\/curso-aorta-integral2026\/wp-content\/uploads\/2025\/07\/Logo-Generalitat-Valenciana-300x210.jpg\" alt=\"\" width=\"195\" height=\"136\" \/><img loading=\"lazy\" decoding=\"async\" class=\"alignnone wp-image-1439\" src=\"https:\/\/www.doctaforum-events.org\/2026\/curso-aorta-integral2026\/wp-content\/uploads\/2025\/07\/Facultad-Medicina-Univ.-Valencia-1-300x102.png\" alt=\"\" width=\"253\" height=\"86\" \/><\/p>\n<p><img loading=\"lazy\" decoding=\"async\" class=\"alignnone size-full wp-image-1443\" src=\"https:\/\/www.doctaforum-events.org\/2026\/curso-aorta-integral2026\/wp-content\/uploads\/2025\/07\/Servicio-Cirugia-Cardiovascular-Hosp.-La-Fe.png\" alt=\"\" width=\"301\" height=\"128\" \/> <img loading=\"lazy\" decoding=\"async\" class=\"alignnone wp-image-1437\" src=\"https:\/\/www.doctaforum-events.org\/2026\/curso-aorta-integral2026\/wp-content\/uploads\/2025\/07\/Centro-Entrenamiento-Quirurgico.png\" alt=\"\" width=\"124\" height=\"123\" \/><\/p>\n<\/div>\n<p>&nbsp;<\/p>\n<div class=\"col-lg-12\">\n<p><span style=\"text-decoration: underline;\"><span class=\"clase1\">Objetivo:<\/span><\/span><\/p>\n<p>Enfoque Multidisciplinar patolog\u00eda AORTA INTEGRAL (desde ra\u00edz a il\u00edacas)<\/p>\n<p>Revisi\u00f3n te\u00f3rica y simulaci\u00f3n pr\u00e1ctica (cad\u00e1ver fresco-Thiel, modelo animal porcino y simuladores) en patolog\u00eda de AORTA: abordajes quir\u00fargicos (todos los sectores), t\u00e9cnicas quir\u00fargicas-endovasculares (todos los sectores), t\u00e9cnicas de perfusi\u00f3n (protecci\u00f3n de \u00f3rganos) y t\u00e9cnicas-manejo anest\u00e9sico.<\/p>\n<\/div>\n<p>&nbsp;<\/p>\n<div class=\"col-lg-12\">\n<p><span style=\"text-decoration: underline;\"><span class=\"clase1\">Novedades:<\/span><\/span><\/p>\n<p>Endovascular en modelo cadav\u00e9rico<br \/>\nSimulaci\u00f3n avanzada con perfusi\u00f3n en modelo animal<br \/>\nSimulaci\u00f3n avanzada anest\u00e9sica toracoabdominal<\/p>\n<\/div>\n<p>&nbsp;<\/p>\n<div class=\"col-lg-12\">\n<p><span style=\"text-decoration: underline;\"><span class=\"clase1\">Dirigido a:<\/span><\/span><\/p>\n<ul>\n<li>Cirujanos: Cirug\u00eda Cardiovascular, Angiolog\u00eda y Cirug\u00eda Vascular. Nivel: R4, R5 y Adjuntos<\/li>\n<li>Enfermer\u00eda \/ Perfusionista<\/li>\n<li>Anestesi\u00f3logos<\/li>\n<\/ul>\n<\/div>\n<p>&nbsp;<\/p>\n<div class=\"col-lg-12\">\n<p><span style=\"text-decoration: underline;\"><span class=\"clase1\">Directores:<\/span><\/span><\/p>\n<p><span class=\"clase2\">Juan Bautista Mart\u00ednez Le\u00f3n<\/span><br \/>\n<span class=\"clase3\">Servicio de Cirug\u00eda Cardiovascular, Hospital Universitari i Polit\u00e8cnic de La Fe (Valencia)<\/span><br \/>\n<span class=\"clase3\">Departamento de Cirug\u00eda, Universitat de Val\u00e8ncia<\/span><\/p>\n<p><span class=\"clase2\">Francisco Mart\u00ednez Soriano<\/span><br \/>\n<span class=\"clase3\">Departamento de Anatom\u00eda y Embriolog\u00eda Humana, Universitat de Val\u00e8ncia<\/span><\/p>\n<p><span class=\"clase2\">Iv\u00e1n Mart\u00edn Gonz\u00e1lez<\/span><br \/>\n<span class=\"clase3\">Servicio de Cirug\u00eda Cardiovascular, Hospital Universitari i Polit\u00e8cnic de La Fe (Valencia)<\/span><br \/>\n<span class=\"clase3\">Departamento de Cirug\u00eda, Universitat de Val\u00e8ncia<\/span><\/p>\n<\/div>\n<p>&nbsp;<\/p>\n<div class=\"col-lg-12\">\n<p><span style=\"text-decoration: underline;\"><span class=\"clase1\">PROFESORADO COORDINADOR:<\/span><\/span><\/p>\n<p><span class=\"clase2\">Carlos Dom\u00ednguez Massa<\/span><br \/>\n<span class=\"clase3\">Servicio de Cirug\u00eda Cardiovascular, Hospital Universitari i Polit\u00e8cnic de La Fe (Valencia)<\/span><\/p>\n<p><span class=\"clase2\">Francisco Jos\u00e9 Valera Mart\u00ednez<\/span><br \/>\n<span class=\"clase3\">Servicio de Cirug\u00eda Cardiovascular, Hospital Universitari i Polit\u00e8cnic de La Fe (Valencia)<\/span><\/p>\n<p><span class=\"clase2\">Javier Sirgo Gonz\u00e1lez<\/span><br \/>\n<span class=\"clase3\">Servicio de Cirug\u00eda Cardiovascular, Consorcio Hospital General Universitario de Valencia<\/span><\/p>\n<p><span class=\"clase2\">Azucena Pajares Moncho<\/span><br \/>\n<span class=\"clase3\">Coordinadora Area Anestesia y Reanimaci\u00f3n Cardiotor\u00e1cica y Asistencia circulatoria<\/span><br \/>\n<span class=\"clase3\">Hospital Universitari i Polit\u00e8cnic La Fe (Valencia)<\/span><\/p>\n<p><span class=\"clase2\">Mar\u00eda Navasquillo Garc\u00eda<\/span><br \/>\n<span class=\"clase3\">Enfermera instrumentalista. Hospital Universitari i Polit\u00e8cnic La Fe (Valencia)<\/span><\/p>\n<p><span class=\"clase2\">Ver\u00f3nica Monfort Drago \/ Mar\u00eda Jos\u00e9 Puig S\u00e1nchez<\/span><br \/>\n<span class=\"clase3\">Perfusionistas. Hospital Universitari i Polit\u00e8cnic La Fe (Valencia)<\/span><\/p>\n<\/div>\n<p>&nbsp;<\/p>\n<div class=\"col-lg-12\">\n<p><span style=\"text-decoration: underline;\"><span class=\"clase1\">PROFESORADO:<\/span><\/span><\/p>\n<p><span class=\"clase1\">Cirug\u00eda Cardiovascular<\/span><\/p>\n<p><span class=\"clase2\">Ana Mar\u00eda Bel M\u00ednguez<\/span><br \/>\n<span class=\"clase2\">Mar\u00eda Jos\u00e9 Dalmau Sorli<\/span><br \/>\n<span class=\"clase2\">Tom\u00e1s Heredia Cambra<\/span><br \/>\n<span class=\"clase2\">Alejandro Jos\u00e9 Rinc\u00f3n Almarza<\/span><br \/>\n<span class=\"clase2\">Eduardo Tebar Bot\u00ed<\/span><br \/>\n<span class=\"clase2\">Alejandro V\u00e1zquez S\u00e1nchez<\/span><br \/>\n<span class=\"clase3\">Hospital Universitari i Polit\u00e8cnic de La Fe (Valencia)<\/span><\/p>\n<p><span class=\"clase2\">Marina Juez L\u00f3pez<\/span><br \/>\n<span class=\"clase2\">Cristina Rueda Mu\u00f1oz<\/span><br \/>\n<span class=\"clase3\">Hospital General Universitario de Valencia<\/span><\/p>\n<p><span class=\"clase2\">Jorge Alcocer Di\u00e9guez<\/span><br \/>\n<span class=\"clase2\">Eduard Quintana Obrador<\/span><br \/>\n<span class=\"clase3\">Hospital Cl\u00ednic de Barcelona<\/span><\/p>\n<p><span class=\"clase2\">Juan Antonio Margarit Calabuig<\/span><br \/>\n<span class=\"clase3\">Hospital Cl\u00ednico Universitario de Valencia<\/span><\/p>\n<p><span class=\"clase2\">Antonio Garc\u00eda Valent\u00edn<\/span><br \/>\n<span class=\"clase3\">Hospital General Universitario Dr. Balmis (Alicante)<\/span><\/p>\n<p><span class=\"clase2\">Iv\u00e1n Garc\u00eda Mart\u00edn<\/span><br \/>\n<span class=\"clase3\">Hospital Universitario Marqu\u00e9s de Valdecilla (Santander)<\/span><\/p>\n<p><span class=\"clase2\">Delfina Fletcher Sanfeliu<\/span><br \/>\n<span class=\"clase3\">Hospital Universitario Son Espases (Palma de Mallorca)<\/span><\/p>\n<p><span class=\"clase2\" >Jos\u00e9 Francisco Valderrama Marcos,<\/span><br \/>\n<span class=\"clase3\">Hospital Regional Universitario de M\u00e1laga<\/span><\/p>\n<p><span class=\"clase2\">Fernando Pascual de la Fuente<\/span><br \/>\n<span class=\"clase3\">Cirug\u00eda Cardiovascular, Valencia<\/span><\/p>\n<p><span class=\"clase2\">Thanos Sioris<\/span><br \/>\n<span class=\"clase3\">Tampere University Hospital (Finland)<\/span><\/p>\n<p><span class=\"clase2\">Aung Y. Oo<\/span><br \/>\n<span class=\"clase3\">St Bartholomew&#8217;s Hospital (London,UK)<\/span><\/p>\n<p><span class=\"clase1\">Angiolog\u00eda y Cirug\u00eda Vascular<\/span><\/p>\n<p><span class=\"clase2\">Michele Antonello<\/span><br \/>\n<span class=\"clase3\">Universit\u00e0 degli Studi di Padova (Padua, Italia)<\/span><\/p>\n<p><span class=\"clase2\">Fernando Gallardo Pedrajas<\/span><br \/>\n<span class=\"clase3\">Instituto Vascular y Endovascular Internacional. Hospital Quironsalud (Marbella)<\/span><\/p>\n<p><span class=\"clase2\">Luca Garriboli<\/span><br \/>\n<span class=\"clase3\">IRCCS Sacro Cuore-Don Calabria (Negrar, Italia)<\/span><\/p>\n<p><span class=\"clase2\">Manuel Hernando Rydings<\/span><br \/>\n<span class=\"clase3\">Hospital Cl\u00ednico San Carlos (Madrid)<\/span><\/p>\n<p><span class=\"clase2\">Vicente Andr\u00e9s Sala Almonacil<\/span><br \/>\n<span class=\"clase3\">Hospital Cl\u00ednico Universitario de Valencia<\/span><\/p>\n<p><span class=\"clase2\">J\u00fcrg Schmidli<\/span><br \/>\n<span class=\"clase3\">Bern University Hospital (Berna, Suiza)<\/span><\/p>\n<p><span class=\"clase2\">Carlos Timaran<\/span><br \/>\n<span class=\"clase3\">UT Southwestern Medical Center (Dallas, EEUU)<\/span><\/p>\n<p><span class=\"clase1\">Perfusi\u00f3n<\/span><\/p>\n<p><span class=\"clase2\">Eva Mar\u00eda Borr\u00e1s Parra<\/span><br \/>\n<span class=\"clase2\">Joan Hern\u00e1ndez Ferrando<\/span><br \/>\n<span class=\"clase2\">Gustavo L\u00f3pez Sanchez<\/span><br \/>\n<span class=\"clase3\">Hospital Universitari i Polit\u00e8cnic de La Fe (Valencia)<\/span><\/p>\n<p><span class=\"clase2\">Mar\u00eda Angeles Bru\u00f1o Mart\u00ed<\/span><br \/>\n<span class=\"clase3\">Consorcio Hospital General Universitario de Valencia<\/span><\/p>\n<p><span class=\"clase2\">Pedro Cartaxo Cintra<\/span><br \/>\n<span class=\"clase2\">Alexis Mart\u00edn Calabuig<\/span><br \/>\n<span class=\"clase3\">Hospital Cl\u00ednic de Barcelona<\/span><\/p>\n<p><span class=\"clase2\">Jos\u00e9 \u00c1ngel Zamorano Serrano<\/span><br \/>\n<span class=\"clase3\">Hospital General Universitario Gregorio Mara\u00f1\u00f3n (Madrid)<\/span><\/p>\n<p><span class=\"clase2\">Jordi Castillo Garc\u00eda<\/span><br \/>\n<span class=\"clase3\">Hospital Universitario de Bellvitge<\/span><\/p>\n<p><span class=\"clase2\">Inmaculada Garc\u00eda-Montesinos<\/span><br \/>\n<span class=\"clase3\">Hospital Universitario Marqu\u00e9s de Valdecilla (Santander)<\/span><\/p>\n<p><span class=\"clase2\">Leticia Reques Gonz\u00e1lez<\/span><br \/>\n<span class=\"clase3\">Hospital Universitario Puerta de Hierro (Madrid)<\/span><\/p>\n<p><span class=\"clase2\">Agust\u00edn El\u00edas Fuentes<\/span><br \/>\n<span class=\"clase3\">Hospital Universitario Reina Sof\u00eda (C\u00f3rdoba)<\/span><\/p>\n<p><span class=\"clase1\">Anestesiolog\u00eda y Reanimaci\u00f3n<\/span><\/p>\n<p><span class=\"clase2\">Pilar Argente Navarro<\/span><br \/>\n<span class=\"clase2\">Mar\u00eda Blanco Crespo<\/span><br \/>\n<span class=\"clase2\">Paula Carmona Garc\u00eda<\/span><br \/>\n<span class=\"clase2\">Beatriz Garcia Rivas<\/span><br \/>\n<span class=\"clase2\">Jos\u00e9 Daniel Jim\u00e9nez Santana<\/span><br \/>\n<span class=\"clase2\">Aitana Lluch Oltra<\/span><br \/>\n<span class=\"clase2\">Marta L\u00f3pez Cantero<\/span><br \/>\n<span class=\"clase2\">Cristina L\u00f3pez Forte<\/span><br \/>\n<span class=\"clase2\">Amparo L\u00f3pez G\u00f3mez<\/span><br \/>\n<span class=\"clase2\">Laura M\u00ednguez Luj\u00e1n<\/span><br \/>\n<span class=\"clase2\">Miguel \u00c1ngel R\u00f3denas Monteagudo<\/span><br \/>\n<span class=\"clase2\">Eva Romero Garc\u00eda<\/span><br \/>\n<span class=\"clase2\">Juan Francisco Tirados Bueno<\/span><br \/>\n<span class=\"clase2\">Miguel Jos\u00e9 Vargas Oliva<\/span><br \/>\n<span class=\"clase2\">Lara Mar\u00eda Vicente Mart\u00ednez<\/span><br \/>\n<span class=\"clase2\">Iratxe Zarragoicoetxea J\u00e1uregui<\/span><br \/>\n<span class=\"clase3\">Hospital Universitari i Polit\u00e8cnic de La Fe (Valencia)<\/span><\/p>\n<p><span class=\"clase2\">Mar\u00eda Jes\u00fas Montero Hern\u00e1ndez<\/span><br \/>\n<span class=\"clase3\">Hospital Cl\u00ednico Universitario Valencia<\/span><\/p>\n<p><span class=\"clase2\">Naoufal Zebdi Abdallah<\/span><br \/>\n<span class=\"clase3\">Hospital Universitario Vall d&#8217; Hebron (Barcelona)<\/span><\/p>\n<p><span class=\"clase1\">Departamento de Anatom\u00eda<\/span><\/p>\n<p><span class=\"clase2\">Arantxa Blasco Serra<\/span><br \/>\n<span class=\"clase2\">Francisco Mart\u00ednez Soriano<\/span><br \/>\n<span class=\"clase2\">Alfonso Amador Valverde Navarro<\/span><br \/>\n<span class=\"clase3\">Universitat de Valencia<\/span><\/p>\n<p><span class=\"clase1\">Enfermer\u00eda<\/span><\/p>\n<p><span class=\"clase2\">Marta Antol\u00edn Santamar\u00eda<\/span><br \/>\n<span class=\"clase2\">Andrea Zapata Terol<\/span><br \/>\n<span class=\"clase2\">\u00c1lvaro Solaz Garc\u00eda<\/span><br \/>\n<span class=\"clase2\">Enia Ruedas Ponce<\/span><br \/>\n<span class=\"clase3\">Hospital Universitari i Polit\u00e8cnic de La Fe (Valencia)<\/span><\/p>\n<p><span class=\"clase2\">Miguel Fern\u00e1ndez Santana<\/span><br \/>\n<span class=\"clase3\">Hospital Universitario de Bellvitge (Barcelona)<\/span><\/p>\n<p><span class=\"clase1\">Ingenier\u00eda Biomec\u00e1nica<\/span><\/p>\n<p><span class=\"clase2\">Alejandra G\u00f3mez de C\u00e1diz Maci\u00e1<\/span><br \/>\n<span class=\"clase3\">Instituto de Biomec\u00e1nica de Valencia (IBV)<\/span><\/p>\n<p><span class=\"clase1\">Neurofisiolog\u00eda<\/span><\/p>\n<p><span class=\"clase2\">Victoria Cort\u00e9s Do\u00f1ate<\/span><br \/>\n<span class=\"clase3\">Hospital Universitari i Polit\u00e8cnic de La Fe (Valencia)<\/span><\/p>\n<p><span class=\"clase1\">Radiolog\u00eda intervencionista<\/span><\/p>\n<p><span class=\"clase2\">Julio Palmero Da Cruz<\/span><br \/>\n<span class=\"clase3\">Radiolog\u00eda Intervencionista, Valencia<\/span><\/p>\n<p><span class=\"clase1\">Veterinaria<\/span><\/p>\n<p><span class=\"clase2\">Viviana Bisbal Velasco<\/span><br \/>\n<span class=\"clase2\">Nerea Mart\u00edn Izquierdo<\/span><br \/>\n<span class=\"clase3\">Instituto de Investigaci\u00f3n Sanitaria La Fe (IIS La Fe)<\/span><\/p>\n<\/div>\n<p>&nbsp;<\/p>\n<div class=\"col-lg-12\">\n<p><span style=\"text-decoration: underline;\"> <span class=\"clase1\">ALOJAMIENTO OFICIAL:<\/span> <\/span><\/p>\n<p><span class=\"clase2\">Hotel Primus Valencia<\/span><br \/>\n<span class=\"clase3\">C\/ de Menorca, 22, 46023 Valencia<\/span><br \/>\n<span class=\"clase3\">Contacto: 963 31 84 74<\/span><br \/>\n<span class=\"clase3\">Secretar\u00eda T\u00e9cnica: <a class=\"clase3\" href=\"mailto:curso-aorta-integral2026@doctaforum.net\">curso-aorta-integral2026@doctaforum.net<\/a><\/span><\/p>\n<\/div>\n<p>&nbsp;<\/p>\n<div class=\"col-lg-12\">\n<p><span style=\"text-decoration: underline;\"> <span class=\"clase1\">Validaci\u00f3n solicitada de:<\/span> <\/span><\/p>\n<p><span class=\"clase2\">\u2022 FENIN &#8211; Obtenida<\/span><br \/>\n<span class=\"clase2\">\u2022 MedTech &#8211; Obtenida<\/span><\/p>\n<\/div>\n<p>&nbsp;<\/p>\n<div class=\"col-lg-12\">\n<p><span style=\"text-decoration: underline;\"> <span class=\"clase1\">AVALES solicitados:<\/span> <\/span><\/p>\n<p><span class=\"clase2\">\u2022 Aortic Association (concedido)<\/span><br \/>\n<span class=\"clase2\">\u2022 AEP &#8211; Asociaci\u00f3n Espa\u00f1ola de Perfusionistas (concedido)<\/span><br \/>\n<span class=\"clase2\">\u2022 CECOVA &#8211; Consejo de Enfermer\u00eda de la Comunidad Valenciana<\/span><br \/>\n<span class=\"clase2\">\u2022 EACTS &#8211; European Association for Cardio Thoracic-Surgey<\/span><br \/>\n<span class=\"clase2\">\u2022 SEDAR &#8211; Sociedad Espa\u00f1ola de Anestesiolog\u00eda, Reanimaci\u00f3n y Terap\u00e9utica del Dolor (concedido)<\/span><br \/>\n<span class=\"clase2\">\u2022 SECCE &#8211; Sociedad Espa\u00f1ola de Cirug\u00eda Cardiovascular y Endovascular (concedido)<\/span><br \/>\n<span class=\"clase2\">\u2022 SESSEP &#8211; Sociedad Espa\u00f1ola de Simulaci\u00f3n Cl\u00ednica y Seguridad del Paciente<\/span><br \/>\n<span class=\"clase2\">\u2022 SVC &#8211; Sociedad Valenciana de Cirug\u00eda<\/span><\/p>\n<\/div>\n<p>&nbsp;<\/p>\n<div class=\"col-lg-12\">\n<p><span style=\"text-decoration: underline;\"> <span class=\"clase1\">ACREDITACIONES solicitadas a:<\/span> <\/span><\/p>\n<p><span class=\"clase2\">\u2022 EVES &#8211; Escuela Valenciana de Estudios de la Salud<\/span><\/p>\n<\/div>\n<p>&nbsp;<\/p>\n<div class=\"col-lg-12\">\n<p><span style=\"text-decoration: underline;\"> <span class=\"clase1\">Certificados:<\/span> <\/span><\/p>\n<p><span class=\"clase2\">Ser\u00e1 obligatorio el 80% de asistencia al curso para la obtenci\u00f3n de los certificados de asistencia y de cr\u00e9ditos de formaci\u00f3n continuada<\/span><\/p>\n<\/div>\n","protected":false},"excerpt":{"rendered":"<p>CURSO H\u00cdBRIDO ONLINE-PRESENCIAL: Contenido online de acceso libre: 21 de enero al 28 de febrero del 2026 Contenido presencial: 28-30 de enero de 2026 &nbsp; ORGANIZA: Servicio de Cirug\u00eda Cardiovascular, Hospital Universitari i Polit\u00e8cnic de La Fe (Valencia) \u00c1rea de Simulaci\u00f3n Cl\u00ednica, Hospital Universitari i Polit\u00e8cnic de La Fe (Valencia) Departamento de Anatom\u00eda y Embriolog\u00eda [&hellip;]<\/p>\n","protected":false},"author":1,"featured_media":0,"parent":0,"menu_order":0,"comment_status":"closed","ping_status":"closed","template":"","meta":{"footnotes":""},"class_list":["post-264","page","type-page","status-publish","hentry"],"_links":{"self":[{"href":"https:\/\/www.doctaforum-events.org\/2026\/curso-aorta-integral2026\/wp-json\/wp\/v2\/pages\/264","targetHints":{"allow":["GET"]}}],"collection":[{"href":"https:\/\/www.doctaforum-events.org\/2026\/curso-aorta-integral2026\/wp-json\/wp\/v2\/pages"}],"about":[{"href":"https:\/\/www.doctaforum-events.org\/2026\/curso-aorta-integral2026\/wp-json\/wp\/v2\/types\/page"}],"author":[{"embeddable":true,"href":"https:\/\/www.doctaforum-events.org\/2026\/curso-aorta-integral2026\/wp-json\/wp\/v2\/users\/1"}],"replies":[{"embeddable":true,"href":"https:\/\/www.doctaforum-events.org\/2026\/curso-aorta-integral2026\/wp-json\/wp\/v2\/comments?post=264"}],"version-history":[{"count":161,"href":"https:\/\/www.doctaforum-events.org\/2026\/curso-aorta-integral2026\/wp-json\/wp\/v2\/pages\/264\/revisions"}],"predecessor-version":[{"id":1410,"href":"https:\/\/www.doctaforum-events.org\/2026\/curso-aorta-integral2026\/wp-json\/wp\/v2\/pages\/264\/revisions\/1410"}],"wp:attachment":[{"href":"https:\/\/www.doctaforum-events.org\/2026\/curso-aorta-integral2026\/wp-json\/wp\/v2\/media?parent=264"}],"curies":[{"name":"wp","href":"https:\/\/api.w.org\/{rel}","templated":true}]}}