{"id":424,"date":"2020-03-16T18:17:34","date_gmt":"2020-03-16T18:17:34","guid":{"rendered":"https:\/\/www.doctaforum-events.org\/2026\/caom2026\/?page_id=424"},"modified":"2026-03-13T08:25:27","modified_gmt":"2026-03-13T08:25:27","slug":"sabado-13-de-junio","status":"publish","type":"page","link":"https:\/\/www.doctaforum-events.org\/2026\/caom2026\/sabado-13-de-junio\/","title":{"rendered":"S\u00e1bado, 13 de junio"},"content":{"rendered":"<p><!-- ========== S\u00c1BADO 13 DE JUNIO ========== --><\/p>\n<div id=\"sabado\" class=\"panel-group\">\n<div class=\"panel panel-default\">\n<div class=\"panel-heading coloramarillo\">\n<div class='panel_hour d-flex align-items-center'>\n<h4 class=\"panel-title\">09:30 &#8211; 10:00<\/h4>\n<\/p><\/div>\n<div class='title_panel col d-flex align-items-center'>\n<h4 class=\"panel-title w-100\">SESI\u00d3N 10 \u2014 INTRODUCCI\u00d3N A LA ONCOGERIATR\u00cdA<\/h4>\n<\/p><\/div>\n<\/p><\/div>\n<div id=\"collapse-sab-11\" class=\"panel-collapse collapse in\">\n<table id=\"tablepress-29\" class=\"tablepress tablepress-id-29\">\n<tbody class=\"row-striping row-hover\">\n<tr class=\"row-1\">\n\t<td class=\"column-1\"><\/td><td class=\"column-2\"> <span class=\"clase2\">Dr. Borja L\u00f3pez de San Vicente, <\/span><span class=\"clase3\">Hospital Univ. de Basurto, Vizcaya<\/span><\/td>\n<\/tr>\n<\/tbody>\n<\/table>\n<!-- #tablepress-29 from cache --><\/div>\n<\/p><\/div>\n<div class=\"panel panel-default\">\n<div class=\"panel-heading coloramarillo\">\n<div class='panel_hour d-flex align-items-center'>\n<h4 class=\"panel-title\">10:00 &#8211; 14:00<\/h4>\n<\/p><\/div>\n<div class='title_panel col d-flex align-items-center'>\n<h4 class=\"panel-title\">SESI\u00d3N 11 \u2014 TUMORES DIGESTIVOS<\/h4>\n<\/p><\/div>\n<\/p><\/div>\n<div id=\"collapse-sab-11\" class=\"panel-collapse collapse in\">\n<table id=\"tablepress-27\" class=\"tablepress tablepress-id-27\">\n<tbody class=\"row-striping row-hover\">\n<tr class=\"row-1\">\n\t<td class=\"column-1\"><\/td><td class=\"column-2\"><span class=\"clase1\">Modera<\/span><br \/>\n<span class=\"clase2\">Dr. Jorge Aparicio, <\/span><span class=\"clase3\">Hospital Universitari i Polit\u00e8cnic La Fe, Valencia<\/span><br \/>\n<\/td>\n<\/tr>\n<tr class=\"row-2\">\n\t<td class=\"column-1\">10:00 - 10:20<\/td><td class=\"column-2\"><span class=\"clase1\">Avances en el Tratamiento del C\u00e1ncer G\u00e1strico y Esof\u00e1gico<\/span><br \/>\n<span class=\"clase2\">Dr. Fernando Rivera, <\/span><span class=\"clase3\">Hospital Univ. Marqu\u00e9s de Valdecilla, Santander<\/span><br \/>\n<\/td>\n<\/tr>\n<tr class=\"row-3\">\n\t<td class=\"column-1\">10:30 - 10:50<\/td><td class=\"column-2\"> <span class=\"clase1\">Tumores Biliopancre\u00e1ticos<\/span><br \/>\n<span class=\"clase2\">Dr. Jorge Adeva, <\/span><span class=\"clase3\">Hospital Univ. 12 de Octubre, Madrid<\/span><br \/>\n<\/td>\n<\/tr>\n<tr class=\"row-4\">\n\t<td class=\"column-1\">11:00 - 11:15<\/td><td class=\"column-2\"><span class=\"clase1\">Discusi\u00f3n de Caso Cl\u00ednico<\/span><\/td>\n<\/tr>\n<tr class=\"row-5\">\n\t<td class=\"column-1\">11:45 - 12:05<\/td><td class=\"column-2\"><span class=\"clase1\">Tratamiento Integral del C\u00e1ncer de Recto y Adyuvancia en el C\u00e1ncer Colorrectal<\/span><br \/>\n<span class=\"clase2\">Dra. M\u00aa Carmen Riesco, <\/span><span class=\"clase3\">Hospital Univ. 12 de Octubre, Madrid<\/span><br \/>\n<\/td>\n<\/tr>\n<tr class=\"row-6\">\n\t<td class=\"column-1\">12:15 - 12:35<\/td><td class=\"column-2\"><span class=\"clase1\">C\u00e1ncer Colorrectal Metast\u00e1sico<\/span><br \/>\n<span class=\"clase2\">Dr. Jorge Aparicio, <\/span><span class=\"clase3\">Hospital Universitari i Polit\u00e8cnic La Fe, Valencia<\/span><br \/>\n<\/td>\n<\/tr>\n<tr class=\"row-7\">\n\t<td class=\"column-1\">12:45 - 13:05<\/td><td class=\"column-2\"><span class=\"clase1\">Hepatocarcinoma<\/span><br \/>\n<span class=\"clase2\">Dr. Carlos L\u00f3pez, <\/span><span class=\"clase3\">Hospital Univ. Marqu\u00e9s de Valdecilla, Santander<\/span><br \/>\n<\/td>\n<\/tr>\n<tr class=\"row-8\">\n\t<td class=\"column-1\">13:15 - 13:30<\/td><td class=\"column-2\"><span class=\"clase1\">Discusi\u00f3n de Caso Cl\u00ednico<\/span><\/td>\n<\/tr>\n<\/tbody>\n<\/table>\n<!-- #tablepress-27 from cache --><\/div>\n<\/p><\/div>\n<div class=\"panel panel-default\">\n<div class=\"panel-heading breakColors\">\n<div class='panel_hour d-flex align-items-center'>\n<h4 class=\"panel-title\">11:15 &#8211; 11:45<\/h4>\n<\/p><\/div>\n<div class='title_panel col d-flex align-items-center'>\n<h4 class=\"panel-title\">Pausa Caf\u00e9<\/h4>\n<\/p><\/div>\n<\/p><\/div>\n<\/p><\/div>\n<div class=\"panel panel-default\">\n<div class=\"panel-heading\">\n<div class='panel_hour d-flex align-items-center'>\n<h4 class=\"panel-title\">14:00<\/h4>\n<\/p><\/div>\n<div class='title_panel col d-flex align-items-center'>\n<h4 class=\"panel-title\">Cierre del Curso<\/h4>\n<\/p><\/div>\n<\/p><\/div>\n<\/p><\/div>\n<\/div>\n","protected":false},"excerpt":{"rendered":"<p>09:30 &#8211; 10:00 SESI\u00d3N 10 \u2014 INTRODUCCI\u00d3N A LA ONCOGERIATR\u00cdA 10:00 &#8211; 14:00 SESI\u00d3N 11 \u2014 TUMORES DIGESTIVOS 11:15 &#8211; 11:45 Pausa Caf\u00e9 14:00 Cierre del Curso<\/p>\n","protected":false},"author":1,"featured_media":0,"parent":0,"menu_order":0,"comment_status":"closed","ping_status":"closed","template":"","meta":{"footnotes":""},"class_list":["post-424","page","type-page","status-publish","hentry"],"_links":{"self":[{"href":"https:\/\/www.doctaforum-events.org\/2026\/caom2026\/wp-json\/wp\/v2\/pages\/424","targetHints":{"allow":["GET"]}}],"collection":[{"href":"https:\/\/www.doctaforum-events.org\/2026\/caom2026\/wp-json\/wp\/v2\/pages"}],"about":[{"href":"https:\/\/www.doctaforum-events.org\/2026\/caom2026\/wp-json\/wp\/v2\/types\/page"}],"author":[{"embeddable":true,"href":"https:\/\/www.doctaforum-events.org\/2026\/caom2026\/wp-json\/wp\/v2\/users\/1"}],"replies":[{"embeddable":true,"href":"https:\/\/www.doctaforum-events.org\/2026\/caom2026\/wp-json\/wp\/v2\/comments?post=424"}],"version-history":[{"count":87,"href":"https:\/\/www.doctaforum-events.org\/2026\/caom2026\/wp-json\/wp\/v2\/pages\/424\/revisions"}],"predecessor-version":[{"id":1542,"href":"https:\/\/www.doctaforum-events.org\/2026\/caom2026\/wp-json\/wp\/v2\/pages\/424\/revisions\/1542"}],"wp:attachment":[{"href":"https:\/\/www.doctaforum-events.org\/2026\/caom2026\/wp-json\/wp\/v2\/media?parent=424"}],"curies":[{"name":"wp","href":"https:\/\/api.w.org\/{rel}","templated":true}]}}

Sábado, 13 de junio

<p><!-- ========== SÁBADO 13 DE JUNIO ========== --></p>
<div id="sabado" class="panel-group">
<div class="panel panel-default">
<div class="panel-heading coloramarillo">
<div class='panel_hour d-flex align-items-center'>
<h4 class="panel-title">09:30 &#8211; 10:00</h4>
</p></div>
<div class='title_panel col d-flex align-items-center'>
<h4 class="panel-title w-100">SESIÓN 10 — INTRODUCCIÓN A LA ONCOGERIATRÍA</h4>
</p></div>
</p></div>
<div id="collapse-sab-11" class="panel-collapse collapse in">
<table id="tablepress-29" class="tablepress tablepress-id-29">
<tbody class="row-striping row-hover">
<tr class="row-1">
	<td class="column-1"></td><td class="column-2"> <span class="clase2">Dr. Borja López de San Vicente, </span><span class="clase3">Hospital Univ. de Basurto, Vizcaya</span></td>
</tr>
</tbody>
</table>
<!-- #tablepress-29 from cache --></div>
</p></div>
<div class="panel panel-default">
<div class="panel-heading coloramarillo">
<div class='panel_hour d-flex align-items-center'>
<h4 class="panel-title">10:00 &#8211; 14:00</h4>
</p></div>
<div class='title_panel col d-flex align-items-center'>
<h4 class="panel-title">SESIÓN 11 — TUMORES DIGESTIVOS</h4>
</p></div>
</p></div>
<div id="collapse-sab-11" class="panel-collapse collapse in">
<table id="tablepress-27" class="tablepress tablepress-id-27">
<tbody class="row-striping row-hover">
<tr class="row-1">
	<td class="column-1"></td><td class="column-2"><span class="clase1">Modera</span><br />
<span class="clase2">Dr. Jorge Aparicio, </span><span class="clase3">Hospital Universitari i Politècnic La Fe, Valencia</span><br />
</td>
</tr>
<tr class="row-2">
	<td class="column-1">10:00 - 10:20</td><td class="column-2"><span class="clase1">Avances en el Tratamiento del Cáncer Gástrico y Esofágico</span><br />
<span class="clase2">Dr. Fernando Rivera, </span><span class="clase3">Hospital Univ. Marqués de Valdecilla, Santander</span><br />
</td>
</tr>
<tr class="row-3">
	<td class="column-1">10:30 - 10:50</td><td class="column-2"> <span class="clase1">Tumores Biliopancreáticos</span><br />
<span class="clase2">Dr. Jorge Adeva, </span><span class="clase3">Hospital Univ. 12 de Octubre, Madrid</span><br />
</td>
</tr>
<tr class="row-4">
	<td class="column-1">11:00 - 11:15</td><td class="column-2"><span class="clase1">Discusión de Caso Clínico</span></td>
</tr>
<tr class="row-5">
	<td class="column-1">11:45 - 12:05</td><td class="column-2"><span class="clase1">Tratamiento Integral del Cáncer de Recto y Adyuvancia en el Cáncer Colorrectal</span><br />
<span class="clase2">Dra. Mª Carmen Riesco, </span><span class="clase3">Hospital Univ. 12 de Octubre, Madrid</span><br />
</td>
</tr>
<tr class="row-6">
	<td class="column-1">12:15 - 12:35</td><td class="column-2"><span class="clase1">Cáncer Colorrectal Metastásico</span><br />
<span class="clase2">Dr. Jorge Aparicio, </span><span class="clase3">Hospital Universitari i Politècnic La Fe, Valencia</span><br />
</td>
</tr>
<tr class="row-7">
	<td class="column-1">12:45 - 13:05</td><td class="column-2"><span class="clase1">Hepatocarcinoma</span><br />
<span class="clase2">Dr. Carlos López, </span><span class="clase3">Hospital Univ. Marqués de Valdecilla, Santander</span><br />
</td>
</tr>
<tr class="row-8">
	<td class="column-1">13:15 - 13:30</td><td class="column-2"><span class="clase1">Discusión de Caso Clínico</span></td>
</tr>
</tbody>
</table>
<!-- #tablepress-27 from cache --></div>
</p></div>
<div class="panel panel-default">
<div class="panel-heading breakColors">
<div class='panel_hour d-flex align-items-center'>
<h4 class="panel-title">11:15 &#8211; 11:45</h4>
</p></div>
<div class='title_panel col d-flex align-items-center'>
<h4 class="panel-title">Pausa Café</h4>
</p></div>
</p></div>
</p></div>
<div class="panel panel-default">
<div class="panel-heading">
<div class='panel_hour d-flex align-items-center'>
<h4 class="panel-title">14:00</h4>
</p></div>
<div class='title_panel col d-flex align-items-center'>
<h4 class="panel-title">Cierre del Curso</h4>
</p></div>
</p></div>
</p></div>
</div>

<p>09:30 &#8211; 10:00 SESIÓN 10 — INTRODUCCIÓN A LA ONCOGERIATRÍA 10:00 &#8211; 14:00 SESIÓN 11 — TUMORES DIGESTIVOS 11:15 &#8211; 11:45 Pausa Café 14:00 Cierre del Curso</p>
