{"id":264,"date":"2020-02-09T14:27:05","date_gmt":"2020-02-09T14:27:05","guid":{"rendered":"http:\/\/demo.themetim.com\/bring-back\/?page_id=264"},"modified":"2026-04-28T07:04:56","modified_gmt":"2026-04-28T07:04:56","slug":"informacion-general","status":"publish","type":"page","link":"https:\/\/www.doctaforum-events.org\/2026\/caom2026\/informacion-general\/","title":{"rendered":"Informaci\u00f3n General"},"content":{"rendered":"<div class=\"col-lg-12\">\n<p><span style=\"text-decoration: underline;\"><span class=\"clase1\">Organizado por:<\/span><\/span><br \/>\n<img decoding=\"async\" src=\"https:\/\/www.doctaforum-events.org\/2026\/caom2026\/wp-content\/themes\/bring-back\/images\/logo-cliente.webp\" alt=\"logo GECP\" width=\"250px\" \/><\/p>\n<\/div>\n<div class=\"col-lg-12\">\n<p><span style=\"text-decoration: underline;\"><span class=\"clase1\">Fundador:<\/span><\/span><\/p>\n<p><span class=\"clase2\">&#8211; Dr. Hern\u00e1n Cort\u00e9s-Funes, <\/span><span class=\"clase3\">Hospital Universitario 12 de Octubre, Madrid<\/span><\/p>\n<p>&nbsp;<\/p>\n<\/div>\n<div class=\"col-lg-12\">\n<p><span style=\"text-decoration: underline;\"><span class=\"clase1\">Coordinadores:<\/span><\/span><\/p>\n<p><span class=\"clase2\">&#8211; Dr. Luis Paz-Ares, <\/span><span class=\"clase3\">Hospital Universitario 12 de Octubre, Madrid<\/span><\/p>\n<p><span class=\"clase2\">&#8211; Dr. Jos\u00e9 G\u00f3mez Codina, <\/span> <span class=\"clase3\">Hospital Universitari i Polit\u00e8cnic La Fe, Valencia<\/span><\/p>\n<p>&nbsp;<\/p>\n<\/div>\n<div class=\"col-lg-12\">\n<p><span style=\"text-decoration: underline;\"><span class=\"clase1\">Con el aval cient\u00edfico de:<\/span><\/span><\/p>\n<p><img loading=\"lazy\" decoding=\"async\" class=\"\" src=\"https:\/\/www.doctaforum-events.org\/2026\/caom2026\/wp-content\/uploads\/2026\/04\/Ciberonc_2.webp\" alt=\"logo GECP\" width=\"264\" height=\"39\" \/><img loading=\"lazy\" decoding=\"async\" class=\"\" src=\"https:\/\/www.doctaforum-events.org\/2026\/caom2026\/wp-content\/uploads\/2026\/04\/SEOM.webp\" alt=\"logo GECP\" width=\"128\" height=\"121\" \/><img loading=\"lazy\" decoding=\"async\" class=\"\" src=\"https:\/\/www.doctaforum-events.org\/2026\/caom2026\/wp-content\/uploads\/2026\/04\/mir-seom.webp\" alt=\"logo GECP\" width=\"90\" height=\"120\" \/><\/p>\n<\/div>\n<div class=\"col-lg-12\">\n<p><span style=\"text-decoration: underline;\"><span class=\"clase1\">Idioma:<\/span><\/span><\/p>\n<p><span class=\"clase2\">&#8211; Espa\u00f1ol<\/span><\/p>\n<p>&nbsp;<\/p>\n<\/div>\n<div class=\"col-lg-12\">\n<p><span style=\"text-decoration: underline;\"> <span class=\"clase1\">Sede:<\/span> <\/span><\/p>\n<p><span class=\"clase3\">Parador Alcal\u00e1 de Henares<\/span><br \/>\n<span class=\"clase3\">Sala \u201cParaninfo\u201d<\/span><br \/>\n<span class=\"clase3\">C. Colegios, 8, 28804 Alcal\u00e1 de Henares, (Madrid)<\/span><br \/>\n<span class=\"clase3\">28801 Madrid<\/span><\/p>\n<\/div>\n<div class=\"col-lg-12 col-md-12 col-sm-12\">\n<p><iframe loading=\"lazy\" src=\"https:\/\/www.google.com\/maps\/embed?pb=!1m18!1m12!1m3!1d3034.724539708524!2d-3.3642429235450924!3d40.481358651702514!2m3!1f0!2f0!3f0!3m2!1i1024!2i768!4f13.1!3m3!1m2!1s0xd4249145bff81fd%3A0x9425de981531411c!2sParador%20de%20Alcal%C3%A1%20de%20Henares!5e0!3m2!1ses-419!2ses!4v1765441048780!5m2!1ses-419!2ses\" width=\"100%\" height=\"450\" allowfullscreen=\"allowfullscreen\" aria-label=\"Sede\"><\/iframe><\/p>\n<\/div>\n","protected":false},"excerpt":{"rendered":"<p>Organizado por: Fundador: &#8211; Dr. Hern\u00e1n Cort\u00e9s-Funes, Hospital Universitario 12 de Octubre, Madrid &nbsp; Coordinadores: &#8211; Dr. Luis Paz-Ares, Hospital Universitario 12 de Octubre, Madrid &#8211; Dr. Jos\u00e9 G\u00f3mez Codina, Hospital Universitari i Polit\u00e8cnic La Fe, Valencia &nbsp; Con el aval cient\u00edfico de: Idioma: &#8211; Espa\u00f1ol &nbsp; Sede: Parador Alcal\u00e1 de Henares Sala \u201cParaninfo\u201d C. [&hellip;]<\/p>\n","protected":false},"author":1,"featured_media":0,"parent":0,"menu_order":0,"comment_status":"closed","ping_status":"closed","template":"","meta":{"footnotes":""},"class_list":["post-264","page","type-page","status-publish","hentry"],"_links":{"self":[{"href":"https:\/\/www.doctaforum-events.org\/2026\/caom2026\/wp-json\/wp\/v2\/pages\/264","targetHints":{"allow":["GET"]}}],"collection":[{"href":"https:\/\/www.doctaforum-events.org\/2026\/caom2026\/wp-json\/wp\/v2\/pages"}],"about":[{"href":"https:\/\/www.doctaforum-events.org\/2026\/caom2026\/wp-json\/wp\/v2\/types\/page"}],"author":[{"embeddable":true,"href":"https:\/\/www.doctaforum-events.org\/2026\/caom2026\/wp-json\/wp\/v2\/users\/1"}],"replies":[{"embeddable":true,"href":"https:\/\/www.doctaforum-events.org\/2026\/caom2026\/wp-json\/wp\/v2\/comments?post=264"}],"version-history":[{"count":138,"href":"https:\/\/www.doctaforum-events.org\/2026\/caom2026\/wp-json\/wp\/v2\/pages\/264\/revisions"}],"predecessor-version":[{"id":1569,"href":"https:\/\/www.doctaforum-events.org\/2026\/caom2026\/wp-json\/wp\/v2\/pages\/264\/revisions\/1569"}],"wp:attachment":[{"href":"https:\/\/www.doctaforum-events.org\/2026\/caom2026\/wp-json\/wp\/v2\/media?parent=264"}],"curies":[{"name":"wp","href":"https:\/\/api.w.org\/{rel}","templated":true}]}}