{"id":2,"date":"2020-03-09T12:55:45","date_gmt":"2020-03-09T12:55:45","guid":{"rendered":"https:\/\/www.doctaforum-events.org\/2026\/caom2026\/?page_id=2"},"modified":"2025-12-11T12:35:27","modified_gmt":"2025-12-11T12:35:27","slug":"presentacion","status":"publish","type":"page","link":"https:\/\/www.doctaforum-events.org\/2026\/caom2026\/presentacion\/","title":{"rendered":"Presentaci\u00f3n"},"content":{"rendered":"<p><!--\n\n<span style=\"display: inline-block; width: 0px; overflow: hidden; line-height: 0;\" data-mce-type=\"bookmark\" class=\"mce_SELRES_start\"><span style=\"display: inline-block; width: 0px; overflow: hidden; line-height: 0;\" data-mce-type=\"bookmark\" class=\"mce_SELRES_start\"><\/span><\/span><span style=\"display: inline-block; width: 0px; overflow: hidden; line-height: 0;\" data-mce-type=\"bookmark\" class=\"mce_SELRES_start\"><\/span>&nbsp;\n\n&nbsp;\n\n&nbsp;\n\n&nbsp;\n\n&nbsp;\n\n\n<p style=\"text-align: center;\"><span style=\"font-size: 20pt; color: #5A7E88;\">Pr\u00f3ximamente<\/span><\/p>\n\n\n&nbsp;\n\n&nbsp;\n\n&nbsp;\n\n&nbsp;\n\n&nbsp;\n\n&nbsp;\n\n&nbsp;\n\n--><\/p>\n<p>Este curso est\u00e1 dirigido a onc\u00f3logos formados o en sus \u00faltimos a\u00f1os de formaci\u00f3n, investigadores en c\u00e1ncer, personal m\u00e9dico de la industria farmac\u00e9utica, y su objetivo principal es hacer una revisi\u00f3n general de los temas m\u00e1s importantes de la Oncolog\u00eda con una orientaci\u00f3n lo m\u00e1s cl\u00ednica posible y en un clima de convivencia entre profesores y alumnos tambi\u00e9n fuera de las clases.<\/p>\n<p>Hemos distribuido las jornadas en sesiones de actualizaci\u00f3n terap\u00e9utica en las patolog\u00edas m\u00e1s importante, incluyendo la relaci\u00f3n de la Oncolog\u00eda con otras especialidades.<\/p>\n<p>Estos temas se analizan mediante conferencias, sesiones interactivas de casos cl\u00ednicos, etc., fomentando la participaci\u00f3n de los asistentes y dejando tiempo para preguntas y discusiones.<\/p>\n","protected":false},"excerpt":{"rendered":"<p>Este curso est\u00e1 dirigido a onc\u00f3logos formados o en sus \u00faltimos a\u00f1os de formaci\u00f3n, investigadores en c\u00e1ncer, personal m\u00e9dico de la industria farmac\u00e9utica, y su objetivo principal es hacer una revisi\u00f3n general de los temas m\u00e1s importantes de la Oncolog\u00eda con una orientaci\u00f3n lo m\u00e1s cl\u00ednica posible y en un clima de convivencia entre profesores [&hellip;]<\/p>\n","protected":false},"author":1,"featured_media":0,"parent":0,"menu_order":0,"comment_status":"closed","ping_status":"open","template":"","meta":{"footnotes":""},"class_list":["post-2","page","type-page","status-publish","hentry"],"_links":{"self":[{"href":"https:\/\/www.doctaforum-events.org\/2026\/caom2026\/wp-json\/wp\/v2\/pages\/2","targetHints":{"allow":["GET"]}}],"collection":[{"href":"https:\/\/www.doctaforum-events.org\/2026\/caom2026\/wp-json\/wp\/v2\/pages"}],"about":[{"href":"https:\/\/www.doctaforum-events.org\/2026\/caom2026\/wp-json\/wp\/v2\/types\/page"}],"author":[{"embeddable":true,"href":"https:\/\/www.doctaforum-events.org\/2026\/caom2026\/wp-json\/wp\/v2\/users\/1"}],"replies":[{"embeddable":true,"href":"https:\/\/www.doctaforum-events.org\/2026\/caom2026\/wp-json\/wp\/v2\/comments?post=2"}],"version-history":[{"count":44,"href":"https:\/\/www.doctaforum-events.org\/2026\/caom2026\/wp-json\/wp\/v2\/pages\/2\/revisions"}],"predecessor-version":[{"id":1463,"href":"https:\/\/www.doctaforum-events.org\/2026\/caom2026\/wp-json\/wp\/v2\/pages\/2\/revisions\/1463"}],"wp:attachment":[{"href":"https:\/\/www.doctaforum-events.org\/2026\/caom2026\/wp-json\/wp\/v2\/media?parent=2"}],"curies":[{"name":"wp","href":"https:\/\/api.w.org\/{rel}","templated":true}]}}