{"id":417,"date":"2020-03-16T18:16:17","date_gmt":"2020-03-16T18:16:17","guid":{"rendered":"https:\/\/www.doctaforum-events.org\/2025\/simposiogeico2025\/?page_id=417"},"modified":"2025-11-26T09:48:00","modified_gmt":"2025-11-26T09:48:00","slug":"cuotas-de-inscripcion","status":"publish","type":"page","link":"https:\/\/www.doctaforum-events.org\/2025\/simposiogeico2025\/cuotas-de-inscripcion\/","title":{"rendered":"Cuotas de Inscripci\u00f3n"},"content":{"rendered":"<p><!--[table id=1 \/]\n\n[table id=2 \/]--><br \/>\n\n<table id=\"tablepress-1\" class=\"tablepress tablepress-id-1 tbody-has-connected-cells\">\n<tbody class=\"row-striping row-hover\">\n<tr class=\"row-1\">\n\t<td colspan=\"2\" class=\"column-1\">INSCRIPCI\u00d3N GENERAL<\/td>\n<\/tr>\n<tr class=\"row-2\">\n\t<td class=\"column-1\">Inscripci\u00f3n general en formato presencial<br \/>\n<\/td><td class=\"column-2\"><strong>500,00 \u20ac<\/strong><\/td>\n<\/tr>\n<tr class=\"row-3\">\n\t<td class=\"column-1\">Inscripci\u00f3n industria en formato presencial <\/td><td class=\"column-2\"><strong>650,00 \u20ac<\/strong><\/td>\n<\/tr>\n<tr class=\"row-4\">\n\t<td colspan=\"2\" class=\"column-1\"><div style=\"font-size:14px\"><br \/>\n<i>21% IVA no incluido.<\/i><br><br \/>\n            La cuota de inscripci\u00f3n incluye la participaci\u00f3n en todas las sesiones de manera presencial, certificado de asistencia y certificaci\u00f3n de acreditaci\u00f3n de formaci\u00f3n continuada, material y pausa caf\u00e9 prevista en programa. Incluye acceso a webcast.<br><br \/>\n            *El personal de laboratorio que desee inscribirse de manera individual, fuera del marco de patrocinio, deber\u00e1 contactar previamente con la secretar\u00eda t\u00e9cnica en: <a style=\"font-size:16px\" href=\"mailto:simposiogeico2025@doctaforum.com\">simposiogeico2025@doctaforum.com<\/a><br \/>\n<\/div><\/td>\n<\/tr>\n<\/tbody>\n<\/table>\n<!-- #tablepress-1 from cache --><\/p>\n<p>En cumplimiento de la legislaci\u00f3n aplicable en materia de protecci\u00f3n de consumidores y usuarios puede ejercer su derecho de desistimiento dentro de los plazos legalmente establecidos enviando el siguiente <a href=\"https:\/\/www.doctaforum.com\/-modelo-desistimiento\/MODELO_DESISTIMIENTO-2025-ES.pdf\" class=\"documento_desestimiento\" target=\"_blank\" rel=\"noopener noreferrer\">documento<\/a> convenientemente cumplimentado y firmado.<\/p>\n<p><!--\n\n<div style=\"width: 100%; display: flex; flex-wrap: wrap; justify-content: center; align-items: center; margin-top: 10px\">\n\t<a href=\"https:\/\/www.doctaforum-events.org\/2025\/simposiogeico2025\/formulario-de-inscripcion\/\" class=\"btn-platforms\">\n\tFormulario de inscripci\u00f3n\n\t<\/a>\n<\/div>\n\n--><br \/>\n&nbsp;<\/p>\n<p>&nbsp;<\/p>\n","protected":false},"excerpt":{"rendered":"<p>En cumplimiento de la legislaci\u00f3n aplicable en materia de protecci\u00f3n de consumidores y usuarios puede ejercer su derecho de desistimiento dentro de los plazos legalmente establecidos enviando el siguiente documento convenientemente cumplimentado y firmado. &nbsp; &nbsp;<\/p>\n","protected":false},"author":1,"featured_media":0,"parent":0,"menu_order":0,"comment_status":"closed","ping_status":"closed","template":"","meta":{"footnotes":""},"class_list":["post-417","page","type-page","status-publish","hentry"],"_links":{"self":[{"href":"https:\/\/www.doctaforum-events.org\/2025\/simposiogeico2025\/wp-json\/wp\/v2\/pages\/417","targetHints":{"allow":["GET"]}}],"collection":[{"href":"https:\/\/www.doctaforum-events.org\/2025\/simposiogeico2025\/wp-json\/wp\/v2\/pages"}],"about":[{"href":"https:\/\/www.doctaforum-events.org\/2025\/simposiogeico2025\/wp-json\/wp\/v2\/types\/page"}],"author":[{"embeddable":true,"href":"https:\/\/www.doctaforum-events.org\/2025\/simposiogeico2025\/wp-json\/wp\/v2\/users\/1"}],"replies":[{"embeddable":true,"href":"https:\/\/www.doctaforum-events.org\/2025\/simposiogeico2025\/wp-json\/wp\/v2\/comments?post=417"}],"version-history":[{"count":76,"href":"https:\/\/www.doctaforum-events.org\/2025\/simposiogeico2025\/wp-json\/wp\/v2\/pages\/417\/revisions"}],"predecessor-version":[{"id":1418,"href":"https:\/\/www.doctaforum-events.org\/2025\/simposiogeico2025\/wp-json\/wp\/v2\/pages\/417\/revisions\/1418"}],"wp:attachment":[{"href":"https:\/\/www.doctaforum-events.org\/2025\/simposiogeico2025\/wp-json\/wp\/v2\/media?parent=417"}],"curies":[{"name":"wp","href":"https:\/\/api.w.org\/{rel}","templated":true}]}}