{"id":417,"date":"2020-03-16T18:16:17","date_gmt":"2020-03-16T18:16:17","guid":{"rendered":"https:\/\/www.doctaforum-events.org\/2025\/curso-endovascular-basico2025\/?page_id=417"},"modified":"2025-10-29T11:21:33","modified_gmt":"2025-10-29T11:21:33","slug":"cuotas-de-inscripcion","status":"publish","type":"page","link":"https:\/\/www.doctaforum-events.org\/2025\/curso-endovascular-basico2025\/cuotas-de-inscripcion\/","title":{"rendered":"Cuotas de Inscripci\u00f3n"},"content":{"rendered":"<p>Pre-inscripci\u00f3n: del 20\/08\/2025 al 24\/10\/2025<br \/>\nConfirmaci\u00f3n a alumnos de aceptaci\u00f3n de pre-inscripci\u00f3n: una vez confirmada por la Secretar\u00eda T\u00e9cnica la informaci\u00f3n requerida durante el proceso de pre-inscripci\u00f3n<br \/>\nFecha l\u00edmite para formalizaci\u00f3n de matr\u00edcula* tras aceptaci\u00f3n de pre-inscripci\u00f3n: 24\/10\/2025<\/p>\n<p><strong>*Para la formalizaci\u00f3n de matr\u00edcula ser\u00e1 necesario realizar el pago de la cuota de inscripci\u00f3n al curso.<\/strong><\/p>\n\n<table id=\"tablepress-1\" class=\"tablepress tablepress-id-1 tbody-has-connected-cells\">\n<tbody class=\"row-striping row-hover\">\n<tr class=\"row-1\">\n\t<td colspan=\"3\" class=\"column-1\">INSCRIPCI\u00d3N GENERAL<\/td>\n<\/tr>\n<tr class=\"row-2\">\n\t<td class=\"column-1\">Cirujanos<\/td><td class=\"column-2\">Plazas: <strong>16<\/strong><\/td><td class=\"column-3\">Cuota: <strong>1.652,89\u20ac<\/strong><\/td>\n<\/tr>\n<tr class=\"row-3\">\n\t<td colspan=\"3\" class=\"column-1\">21% IVA no incl.<\/td>\n<\/tr>\n<\/tbody>\n<\/table>\n<!-- #tablepress-1 from cache -->\n<p><!--[table id=2 \/]--><\/p>\n<p><!--<a href=\"https:\/\/www.doctaforum-events.org\/2026\/curso-abordajes-perifericos2026\/formulario-de-inscripcion\/\" rel=\"noopener\"><img loading=\"lazy\" decoding=\"async\" class=\"aligncenter wp-image-1130 size-full\" src=\"https:\/\/www.doctaforum-events.org\/2026\/curso-abordajes-perifericos2026\/wp-content\/uploads\/2024\/04\/boton-formulario.png\" alt=\"\" width=\"220\" height=\"42\" \/><\/a>--><\/p>\n<p>En cumplimiento de la legislaci\u00f3n aplicable en materia de protecci\u00f3n de consumidores y usuarios puede ejercer su derecho de desistimiento dentro de los plazos legalmente establecidos enviando el siguiente <a class=\"documento_desestimiento\" href=\"https:\/\/www.doctaforum.com\/-modelo-desistimiento\/MODELO_DESISTIMIENTO-2026-ES.pdf\" target=\"_blank\" rel=\"noopener noreferrer\">documento<\/a> convenientemente cumplimentado y firmado.<br \/>\n<!--\n\n<div style=\"width: 100%; display: flex; flex-wrap: wrap; justify-content: center; align-items: center; margin-top: 10px;\"><a class=\"btn-platforms\" href=\"https:\/\/www.doctaforum-events.org\/2025\/curso-endovascular-basico2025\/formulario-de-inscripcion\/\">\nFormulario de inscripci\u00f3n\n<\/a><\/div>\n\n--><br \/>\n&nbsp;<\/p>\n<p>&nbsp;<\/p>\n<p><!--\n&nbsp;\n\n&nbsp;\n\n&nbsp;\n\n&nbsp;\n\n&nbsp;\n\n\n<p style=\"text-align: center;\"><span style=\"font-size: 20pt; color: #5a7e88;\">Disponible en breve<\/span><\/p>\n\n\n&nbsp;\n\n&nbsp;\n\n&nbsp;\n\n&nbsp;\n\n&nbsp;\n\n&nbsp;\n\n&nbsp;--><\/p>\n","protected":false},"excerpt":{"rendered":"<p>Pre-inscripci\u00f3n: del 20\/08\/2025 al 24\/10\/2025 Confirmaci\u00f3n a alumnos de aceptaci\u00f3n de pre-inscripci\u00f3n: una vez confirmada por la Secretar\u00eda T\u00e9cnica la informaci\u00f3n requerida durante el proceso de pre-inscripci\u00f3n Fecha l\u00edmite para formalizaci\u00f3n de matr\u00edcula* tras aceptaci\u00f3n de pre-inscripci\u00f3n: 24\/10\/2025 *Para la formalizaci\u00f3n de matr\u00edcula ser\u00e1 necesario realizar el pago de la cuota de inscripci\u00f3n al curso. [&hellip;]<\/p>\n","protected":false},"author":1,"featured_media":0,"parent":0,"menu_order":0,"comment_status":"closed","ping_status":"closed","template":"","meta":{"footnotes":""},"class_list":["post-417","page","type-page","status-publish","hentry"],"_links":{"self":[{"href":"https:\/\/www.doctaforum-events.org\/2025\/curso-endovascular-basico2025\/wp-json\/wp\/v2\/pages\/417","targetHints":{"allow":["GET"]}}],"collection":[{"href":"https:\/\/www.doctaforum-events.org\/2025\/curso-endovascular-basico2025\/wp-json\/wp\/v2\/pages"}],"about":[{"href":"https:\/\/www.doctaforum-events.org\/2025\/curso-endovascular-basico2025\/wp-json\/wp\/v2\/types\/page"}],"author":[{"embeddable":true,"href":"https:\/\/www.doctaforum-events.org\/2025\/curso-endovascular-basico2025\/wp-json\/wp\/v2\/users\/1"}],"replies":[{"embeddable":true,"href":"https:\/\/www.doctaforum-events.org\/2025\/curso-endovascular-basico2025\/wp-json\/wp\/v2\/comments?post=417"}],"version-history":[{"count":77,"href":"https:\/\/www.doctaforum-events.org\/2025\/curso-endovascular-basico2025\/wp-json\/wp\/v2\/pages\/417\/revisions"}],"predecessor-version":[{"id":1631,"href":"https:\/\/www.doctaforum-events.org\/2025\/curso-endovascular-basico2025\/wp-json\/wp\/v2\/pages\/417\/revisions\/1631"}],"wp:attachment":[{"href":"https:\/\/www.doctaforum-events.org\/2025\/curso-endovascular-basico2025\/wp-json\/wp\/v2\/media?parent=417"}],"curies":[{"name":"wp","href":"https:\/\/api.w.org\/{rel}","templated":true}]}}