{"id":264,"date":"2020-02-09T14:27:05","date_gmt":"2020-02-09T14:27:05","guid":{"rendered":"http:\/\/demo.themetim.com\/bring-back\/?page_id=264"},"modified":"2025-10-21T11:09:38","modified_gmt":"2025-10-21T11:09:38","slug":"informacion-general","status":"publish","type":"page","link":"https:\/\/www.doctaforum-events.org\/2025\/curso-endovascular-basico2025\/informacion-general\/","title":{"rendered":"Informaci\u00f3n General"},"content":{"rendered":"<div class=\"col-lg-12\">\n<p><span style=\"text-decoration: underline;\"><span class=\"clase1\">CURSO ONLINE-PRESENCIAL:<\/span><\/span><br \/>\n<span class=\"clase2\"><br \/>\nONLINE: 22 de octubre de 2025<br \/>\n\u2022 Duraci\u00f3n: 3 horas<\/span><\/p>\n<p>PRESENCIAL: 29 y 30 de octubre de 2025<br \/>\n\u2022 Duraci\u00f3n: 20 horas<\/p>\n<p>Dirigido a Residentes \/Especialistas de Cirug\u00eda Cardiovascular<\/p>\n<\/div>\n<p>&nbsp;<\/p>\n<div class=\"col-lg-12\">\n<p><span style=\"text-decoration: underline;\"><span class=\"clase1\">SEDE:<\/span><\/span><br \/>\n<span class=\"clase2\"><br \/>\nHospital Universitari i Polit\u00e8cnic La Fe (Valencia)<br \/>\nAv. de Fernando Abril Martorell, 106, 46026 Valencia<br \/>\n<\/span><\/p>\n<\/div>\n<p>&nbsp;<\/p>\n<div class=\"col-lg-12\">\n<p><span style=\"text-decoration: underline;\"><span class=\"clase1\">Organizado por:<\/span><\/span><\/p>\n<ul>\n<li class=\"clase2\"><strong>Servicio de Cirug\u00eda Cardiovascular, Hospital Universitari i Polit\u00e8cnic La Fe (Valencia)<\/strong><\/li>\n<li class=\"clase2\">\u00c1rea de Simulaci\u00f3n Cl\u00ednica, Hospital Universitari i Polit\u00e8cnic La Fe (Valencia)<\/li>\n<li class=\"clase2\">Grupos de Trabajo Sociedad Espa\u00f1ola de Cirug\u00eda Cardiovascular y Endovascular (SECCE):\n<ul>\n<li class=\"clase2\">TAVI y T\u00e9cnicas Transcat\u00e9ter Valvulares<\/li>\n<li class=\"clase2\">Cirug\u00eda Vascular y Endovascular<\/li>\n<\/ul>\n<\/li>\n<li class=\"clase2\">Sociedad Espa\u00f1ola de Cirug\u00eda Transcateter y Endovascular (CITENDO)<\/li>\n<\/ul>\n<p><img loading=\"lazy\" decoding=\"async\" class=\"alignnone wp-image-1548\" src=\"https:\/\/www.doctaforum-events.org\/2025\/curso-endovascular-basico2025\/wp-content\/uploads\/2025\/08\/freepik_hospital-300x199.jpg\" alt=\"\" width=\"163\" height=\"108\" srcset=\"https:\/\/www.doctaforum-events.org\/2025\/curso-endovascular-basico2025\/wp-content\/uploads\/2025\/08\/freepik_hospital-300x199.jpg 300w, https:\/\/www.doctaforum-events.org\/2025\/curso-endovascular-basico2025\/wp-content\/uploads\/2025\/08\/freepik_hospital-1024x679.jpg 1024w, https:\/\/www.doctaforum-events.org\/2025\/curso-endovascular-basico2025\/wp-content\/uploads\/2025\/08\/freepik_hospital-768x509.jpg 768w, https:\/\/www.doctaforum-events.org\/2025\/curso-endovascular-basico2025\/wp-content\/uploads\/2025\/08\/freepik_hospital.jpg 1196w\" sizes=\"auto, (max-width: 163px) 100vw, 163px\" \/>\u00a0 \u00a0 \u00a0 <img decoding=\"async\" src=\"https:\/\/www.doctaforum-events.org\/2025\/curso-endovascular-basico2025\/wp-content\/themes\/bring-back\/images\/logo-cliente.webp\" alt=\"logo GECP\" width=\"120px\" \/> <img loading=\"lazy\" decoding=\"async\" class=\"alignnone wp-image-1435\" src=\"https:\/\/www.doctaforum-events.org\/2025\/curso-endovascular-basico2025\/wp-content\/uploads\/2025\/07\/Logo-Generalitat-Valenciana-300x210.jpg\" alt=\"\" width=\"210\" height=\"147\" \/><\/p>\n<p><img loading=\"lazy\" decoding=\"async\" class=\"alignnone size-full wp-image-1443\" src=\"https:\/\/www.doctaforum-events.org\/2025\/curso-endovascular-basico2025\/wp-content\/uploads\/2025\/07\/Servicio-Cirugia-Cardiovascular-Hosp.-La-Fe.png\" alt=\"\" width=\"301\" height=\"128\" \/>\u00a0 \u00a0 \u00a0<img loading=\"lazy\" decoding=\"async\" class=\"alignnone wp-image-1437\" src=\"https:\/\/www.doctaforum-events.org\/2025\/curso-endovascular-basico2025\/wp-content\/uploads\/2025\/07\/Centro-Entrenamiento-Quirurgico.png\" alt=\"\" width=\"124\" height=\"123\" \/>\u00a0 \u00a0 \u00a0<img loading=\"lazy\" decoding=\"async\" class=\"alignnone wp-image-1459 \" src=\"https:\/\/www.doctaforum-events.org\/2025\/curso-endovascular-basico2025\/wp-content\/uploads\/2025\/08\/SECCE_signo-acronimo-logotipo-color-fondo-blanco-300x139-1.png\" alt=\"\" width=\"237\" height=\"110\" \/><\/p>\n<p><img loading=\"lazy\" decoding=\"async\" class=\"alignnone wp-image-1445\" src=\"https:\/\/www.doctaforum-events.org\/2025\/curso-endovascular-basico2025\/wp-content\/uploads\/2025\/07\/imagen-300x300.jpg\" alt=\"\" width=\"153\" height=\"153\" \/>\u00a0 \u00a0 \u00a0<img loading=\"lazy\" decoding=\"async\" class=\"alignnone wp-image-1436\" src=\"https:\/\/www.doctaforum-events.org\/2025\/curso-endovascular-basico2025\/wp-content\/uploads\/2025\/07\/TAVI-Grupo-trabajo-SECCE-300x300.png\" alt=\"\" width=\"139\" height=\"139\" \/>\u00a0 \u00a0 \u00a0<img loading=\"lazy\" decoding=\"async\" class=\"alignnone wp-image-1458 \" src=\"https:\/\/www.doctaforum-events.org\/2025\/curso-endovascular-basico2025\/wp-content\/uploads\/2025\/08\/CITENDO-logo--300x300.jpg\" alt=\"\" width=\"152\" height=\"152\" srcset=\"https:\/\/www.doctaforum-events.org\/2025\/curso-endovascular-basico2025\/wp-content\/uploads\/2025\/08\/CITENDO-logo--300x300.jpg 300w, https:\/\/www.doctaforum-events.org\/2025\/curso-endovascular-basico2025\/wp-content\/uploads\/2025\/08\/CITENDO-logo--150x150.jpg 150w, https:\/\/www.doctaforum-events.org\/2025\/curso-endovascular-basico2025\/wp-content\/uploads\/2025\/08\/CITENDO-logo--768x768.jpg 768w, https:\/\/www.doctaforum-events.org\/2025\/curso-endovascular-basico2025\/wp-content\/uploads\/2025\/08\/CITENDO-logo-.jpg 1024w\" sizes=\"auto, (max-width: 152px) 100vw, 152px\" \/><\/p>\n<\/div>\n<p>&nbsp;<\/p>\n<div class=\"col-lg-12\">\n<p><span style=\"text-decoration: underline;\"><span class=\"clase1\">Objetivo:<\/span><\/span><\/p>\n<p>Introducci\u00f3n pr\u00e1ctica en el terreno endovascular aplicado a cirujanos cardiovasculares.<br \/>\nAn\u00e1lisis DICOM (de imagen TAC) con viewers avanzados (Horos, 3 mension)<br \/>\nDesarrollo a nivel b\u00e1sico (pasos procedimientos, medici\u00f3n y planificaci\u00f3n, realizaci\u00f3n en modelo artificial y animal):<\/p>\n<ul>\n<li class=\"clase2\">TAVI y T\u00e9cnicas Transcat\u00e9ter Valvulares<\/li>\n<li class=\"clase2\">Vascular perif\u00e9rico b\u00e1sico: angioplastia simple y stent.<\/li>\n<li class=\"clase2\">Aorta simple (TEVAR, EVAR)<\/li>\n<\/ul>\n<\/div>\n<p>&nbsp;<\/p>\n<div class=\"col-lg-12\">\n<p><span style=\"text-decoration: underline;\"><span class=\"clase1\">Directores:<\/span><\/span><\/p>\n<p><span class=\"clase2\">Juan Bautista Mart\u00ednez Le\u00f3n<\/span><br \/>\n<span class=\"clase3\">Servicio de Cirug\u00eda Cardiovascular, Hospital Universitario i Polit\u00e8cnic La Fe (Valencia)<\/span><br \/>\n<span class=\"clase3\">Departamento de Cirug\u00eda, Universidad de Valencia<\/span><\/p>\n<p>Tom\u00e1s Heredia Cambra<br \/>\nServicio de Cirug\u00eda Cardiovascular, Hospital Universitari i Polit\u00e8cnic de La Fe (Valencia)<\/p>\n<p><span class=\"clase2\">Iv\u00e1n Mart\u00edn Gonz\u00e1lez<\/span><br \/>\n<span class=\"clase3\">Servicio de Cirug\u00eda Cardiovascular, Hospital Universitario i Polit\u00e8cnic La Fe (Valencia)<\/span><br \/>\n<span class=\"clase3\">Departamento de Cirug\u00eda, Universidad de Valencia<\/span><\/p>\n<\/div>\n<p>&nbsp;<\/p>\n<div class=\"col-lg-12\">\n<p><span style=\"text-decoration: underline;\"><span class=\"clase1\">Profesorado Local y Profesorado Externo:<\/span><\/span><\/p>\n<ul>\n<li>Carlos Dom\u00ednguez Masa<\/li>\n<li>Ana Mar\u00eda Bel M\u00ednguez<\/li>\n<li>Audelio Guevara Bonilla<\/li>\n<li>Jos\u00e9 Alejandro Rinc\u00f3n Almarza<\/li>\n<li>Claudia Marisa Aguirre Ram\u00f3n<\/li>\n<li>Gerardo Andr\u00e9s Dieguez Palacios<br \/>\n<span class=\"clase3\">Servicio de Cirug\u00eda Cardiovascular, Hospital Universitari i Polit\u00e8cnic La Fe (Valencia)<\/span><\/li>\n<li>Alcides Vel\u00e1squez Carneir<br \/>\n<span class=\"clase3\">Servicio de Cirug\u00eda Cardiaca. Hospital Son Espases (Palma de Mallorca)<\/span><\/li>\n<li>Alejandro Pont\u00f3n Cortina<br \/>\nServicio de Cirug\u00eda Cardiovascular, Hospital Universitario Marqu\u00e9s de Valdecilla (Santander)<\/li>\n<li>Miguel \u00c1ngel G\u00f3mez Vidal<\/li>\n<li>Jos\u00e9 Antonio Mamani Moriano<br \/>\n<span class=\"clase3\">Hospital Universitario Puerta del Mar (C\u00e1diz)<\/span><\/li>\n<li>Jos\u00e9 Manuel Garrido Jim\u00e9nez<br \/>\n<span class=\"clase3\">Servicio de Cirug\u00eda Cardiovascular, Hospital Universitario Virgen de las Nieves (Granada)<\/span><\/li>\n<li>Javier Sirgo Gonz\u00e1lez<br \/>\n<span class=\"clase3\">Servicio de Cirug\u00eda Card\u00edaca, Consorcio Hospital General Universitario (Valencia)<\/span><\/li>\n<li>Fernando Pascual de la Fuente<br \/>\n<span class=\"clase3\">Cirug\u00eda Cardiovascular (Valencia)<\/span><\/li>\n<li>Jos\u00e9 Francisco Valderrama Marcos<br \/>\n<span class=\"clase3\">Hospital Regional Universitario de M\u00e1laga<\/span><\/li>\n<\/ul>\n<p><span style=\"text-decoration: underline;\"><span class=\"clase1\">Comit\u00e9 Organizador Local &#8211; Profesorado Colaborador<\/span><\/span><\/p>\n<ul>\n<li>Eduardo Tebar Bot\u00ed<\/li>\n<li>Manuel P\u00e9rez Guillen<\/li>\n<li>Mar\u00eda Jos\u00e9 Dalmau Sorli<\/li>\n<li>Francisco Jos\u00e9 Valera Mart\u00ednez<\/li>\n<li>Alejandro V\u00e1zquez S\u00e1nchez<\/li>\n<li>Consuelo Alejandra Gotor P\u00e9rez<\/li>\n<li>F\u00e9lix Serrano Mart\u00ednez<br \/>\n<span class=\"clase3\">Servicio de Cirug\u00eda Cardiovascular, Hospital Universitari i Polit\u00e8cnic La Fe (Valencia)<\/span><\/li>\n<li>Viviana Bisbal Velasco<\/li>\n<li>Nerea Mar\u00edn Izquierdo<\/li>\n<li>Delia Castellano Izquierdo<\/li>\n<li>Victoria Brunch\u00fa Benlloch<br \/>\n<span class=\"clase3\">Plataforma Cirug\u00eda Experimental y Modelos Animales, IIS LA FE, Hospital Universitari i Polit\u00e8cnic La Fe (Valencia)<\/span><\/li>\n<li>Carmen Portol\u00e9s Monz\u00f3<\/li>\n<li>Violeta Teruel Dav\u00f3<\/li>\n<li>Raquel Roig Esteve<\/li>\n<li>Sof\u00eda del R\u00edo Camacho<br \/>\n<span class=\"clase3\">\u00c1rea de Simulaci\u00f3n Cl\u00ednica. Hospital Universitari i Polit\u00e8cnic La Fe (Valencia)<br \/>\n<\/span><\/li>\n<\/ul>\n<\/div>\n<p>&nbsp;<\/p>\n<div class=\"col-lg-12\">\n<p><span style=\"text-decoration: underline;\"> <span class=\"clase1\">Curso validado por:<\/span> <\/span><br \/>\n<img loading=\"lazy\" decoding=\"async\" class=\"alignnone wp-image-1435\" src=\"https:\/\/www.doctaforum-events.org\/2025\/curso-endovascular-basico2025\/wp-content\/uploads\/2025\/08\/FENIN.png\" alt=\"\" width=\"239\" height=\"167\" \/><\/p>\n<\/div>\n<p>&nbsp;<\/p>\n<div class=\"col-lg-12\">\n<p><span style=\"text-decoration: underline;\"> <span class=\"clase1\">Acreditaciones solicitadas a:<\/span> <\/span><\/p>\n<p>Escuela Valenciana de Estudios de la Salud (EVES) \u2013 Comisi\u00f3n de Formaci\u00f3n Continuada (CFC) del Sistema Nacional de Salud (solicitud en curso)<\/p>\n<p>Sociedad Espa\u00f1ola de Cirug\u00eda Cardiovascular y Endovascular (SECCE)<\/p>\n<\/div>\n<p>&nbsp;<\/p>\n<div class=\"col-lg-12\">\n<p><span style=\"text-decoration: underline;\"> <span class=\"clase1\">Certificados:<\/span> <\/span><\/p>\n<p><span class=\"clase2\">Ser\u00e1 obligatorio el 80% de asistencia al curso para la obtenci\u00f3n de los certificados de asistencia y de cr\u00e9ditos de formaci\u00f3n continuada<\/span><\/p>\n<\/div>\n<p>&nbsp;<\/p>\n","protected":false},"excerpt":{"rendered":"<p>CURSO ONLINE-PRESENCIAL: ONLINE: 22 de octubre de 2025 \u2022 Duraci\u00f3n: 3 horas PRESENCIAL: 29 y 30 de octubre de 2025 \u2022 Duraci\u00f3n: 20 horas Dirigido a Residentes \/Especialistas de Cirug\u00eda Cardiovascular &nbsp; SEDE: Hospital Universitari i Polit\u00e8cnic La Fe (Valencia) Av. de Fernando Abril Martorell, 106, 46026 Valencia &nbsp; Organizado por: Servicio de Cirug\u00eda Cardiovascular, [&hellip;]<\/p>\n","protected":false},"author":1,"featured_media":0,"parent":0,"menu_order":0,"comment_status":"closed","ping_status":"closed","template":"","meta":{"footnotes":""},"class_list":["post-264","page","type-page","status-publish","hentry"],"_links":{"self":[{"href":"https:\/\/www.doctaforum-events.org\/2025\/curso-endovascular-basico2025\/wp-json\/wp\/v2\/pages\/264","targetHints":{"allow":["GET"]}}],"collection":[{"href":"https:\/\/www.doctaforum-events.org\/2025\/curso-endovascular-basico2025\/wp-json\/wp\/v2\/pages"}],"about":[{"href":"https:\/\/www.doctaforum-events.org\/2025\/curso-endovascular-basico2025\/wp-json\/wp\/v2\/types\/page"}],"author":[{"embeddable":true,"href":"https:\/\/www.doctaforum-events.org\/2025\/curso-endovascular-basico2025\/wp-json\/wp\/v2\/users\/1"}],"replies":[{"embeddable":true,"href":"https:\/\/www.doctaforum-events.org\/2025\/curso-endovascular-basico2025\/wp-json\/wp\/v2\/comments?post=264"}],"version-history":[{"count":165,"href":"https:\/\/www.doctaforum-events.org\/2025\/curso-endovascular-basico2025\/wp-json\/wp\/v2\/pages\/264\/revisions"}],"predecessor-version":[{"id":1629,"href":"https:\/\/www.doctaforum-events.org\/2025\/curso-endovascular-basico2025\/wp-json\/wp\/v2\/pages\/264\/revisions\/1629"}],"wp:attachment":[{"href":"https:\/\/www.doctaforum-events.org\/2025\/curso-endovascular-basico2025\/wp-json\/wp\/v2\/media?parent=264"}],"curies":[{"name":"wp","href":"https:\/\/api.w.org\/{rel}","templated":true}]}}